{"id":1883,"date":"2017-07-07T12:25:40","date_gmt":"2017-07-07T16:25:40","guid":{"rendered":"https:\/\/cliniquespectrum.com\/about\/"},"modified":"2023-02-28T11:40:46","modified_gmt":"2023-02-28T16:40:46","slug":"a-propos","status":"publish","type":"page","link":"https:\/\/cliniquespectrum.com\/fr\/a-propos\/","title":{"rendered":"\u00c0 propos"},"content":{"rendered":"<p>[et_pb_section fb_built=\u00a0\u00bb1&Prime; _builder_version=\u00a0\u00bb4.16&Prime; global_colors_info=\u00a0\u00bb{}\u00a0\u00bb][et_pb_row _builder_version=\u00a0\u00bb4.16&Prime; background_size=\u00a0\u00bbinitial\u00a0\u00bb background_position=\u00a0\u00bbtop_left\u00a0\u00bb background_repeat=\u00a0\u00bbrepeat\u00a0\u00bb global_colors_info=\u00a0\u00bb{}\u00a0\u00bb][et_pb_column type=\u00a0\u00bb4_4&Prime; _builder_version=\u00a0\u00bb4.16&Prime; custom_padding=\u00a0\u00bb|||\u00a0\u00bb global_colors_info=\u00a0\u00bb{}\u00a0\u00bb custom_padding__hover=\u00a0\u00bb|||\u00a0\u00bb][et_pb_text _builder_version=\u00a0\u00bb4.19.5&Prime; hover_enabled=\u00a0\u00bb0&Prime; border_style=\u00a0\u00bbsolid\u00a0\u00bb global_colors_info=\u00a0\u00bb{}\u00a0\u00bb sticky_enabled=\u00a0\u00bb0&Prime;]<\/p>\n<h1>\u00c0 propos<\/h1>\n<p>Clinique Spectrum offre des soins interdisciplinaires, fond\u00e9s sur des donn\u00e9es probantes, aux familles et aux enfants, adolescents et adultes atteints d&rsquo;autisme, de d\u00e9ficience intellectuelle, d&rsquo;autres troubles neurod\u00e9veloppementaux et de probl\u00e8mes de sant\u00e9 mentale concomitants.<\/p>\n<p>Notre \u00e9quipe fournit des soins dans un environnement naturel, notamment \u00e0 la maison, \u00e0 l&rsquo;\u00e9cole, au travail et dans les garderies.<\/p>\n<p>Nous offrons \u00e9galement des formations et des consultations aux garderies, aux enseignants, aux camps, aux services gouvernementaux et publics sur la fa\u00e7on d&rsquo;optimiser les soins \u00e0 ces populations vuln\u00e9rables.<\/p>\n<p>&nbsp;<\/p>\n<p>[\/et_pb_text][\/et_pb_column][\/et_pb_row][et_pb_row _builder_version=\u00a0\u00bb4.16&Prime; background_size=\u00a0\u00bbinitial\u00a0\u00bb background_position=\u00a0\u00bbtop_left\u00a0\u00bb background_repeat=\u00a0\u00bbrepeat\u00a0\u00bb global_colors_info=\u00a0\u00bb{}\u00a0\u00bb][et_pb_column type=\u00a0\u00bb4_4&Prime; _builder_version=\u00a0\u00bb4.16&Prime; custom_padding=\u00a0\u00bb|||\u00a0\u00bb global_colors_info=\u00a0\u00bb{}\u00a0\u00bb custom_padding__hover=\u00a0\u00bb|||\u00a0\u00bb][et_pb_text _builder_version=\u00a0\u00bb4.19.5&Prime; hover_enabled=\u00a0\u00bb0&Prime; border_style=\u00a0\u00bbsolid\u00a0\u00bb global_colors_info=\u00a0\u00bb{}\u00a0\u00bb sticky_enabled=\u00a0\u00bb0&Prime;]<\/p>\n<h2>Notre mission, notre vision et nos valeurs<\/h2>\n<p>La mission de Clinique Spectrum est de fournir des services cliniques, de diagnostic et d&rsquo;\u00e9valuation directs et indirects, ainsi qu&rsquo;une expertise et un soutien aux enfants, aux adolescents et aux adultes atteints de troubles du spectre autistique et d&rsquo;autres d\u00e9ficiences neurod\u00e9veloppementales.<\/p>\n<p>Nous reconnaissons que, pour aider \u00e0 faire face \u00e0 ces probl\u00e8mes tout au long de la vie, nous devons nous concentrer sur un travail d&rsquo;\u00e9quipe int\u00e9gr\u00e9 bas\u00e9 sur la croyance qu&rsquo;un service efficace, efficient et int\u00e9gr\u00e9 m\u00e8nera aux meilleurs r\u00e9sultats ;<\/p>\n<p>Clinique Spectrum s&rsquo;engage \u00e0 :<\/p>\n<ul>\n<li>le d\u00e9veloppement, la prestation et l&rsquo;\u00e9valuation du meilleur mod\u00e8le de soins pour les individus et les familles.<\/li>\n<li>trouver des moyens de fournir ce service, quelle que soit la capacit\u00e9 de paiement.<\/li>\n<li>d\u00e9velopper un mod\u00e8le efficace de services int\u00e9gr\u00e9s afin de fournir la preuve d&rsquo;une mani\u00e8re compl\u00e8te et efficace de r\u00e9pondre aux besoins de notre client\u00e8le.<\/li>\n<\/ul>\n<p>[\/et_pb_text][\/et_pb_column][\/et_pb_row][\/et_pb_section]<\/p>\n","protected":false},"excerpt":{"rendered":"<p>\u00c0 propos Clinique Spectrum offre des soins interdisciplinaires, fond\u00e9s sur des donn\u00e9es probantes, aux familles et aux enfants, adolescents et adultes atteints d&rsquo;autisme, de d\u00e9ficience intellectuelle, d&rsquo;autres troubles neurod\u00e9veloppementaux et de probl\u00e8mes de sant\u00e9 mentale concomitants. Notre \u00e9quipe fournit des soins dans un environnement naturel, notamment \u00e0 la maison, \u00e0 l&rsquo;\u00e9cole, au travail et dans [&hellip;]<\/p>\n","protected":false},"author":1,"featured_media":0,"parent":0,"menu_order":1,"comment_status":"closed","ping_status":"closed","template":"","meta":{"_et_pb_use_builder":"on","_et_pb_old_content":"","_et_gb_content_width":"","footnotes":""},"class_list":["post-1883","page","type-page","status-publish","hentry"],"yoast_head":"<!-- This site is optimized with the Yoast SEO plugin v27.3 - https:\/\/yoast.com\/product\/yoast-seo-wordpress\/ -->\n<title>About | Clinique Spectrum<\/title>\n<meta name=\"description\" content=\"Integrated neurodevelopmental consultation services for children, adolescents and adults with autism, intellectual disability, neurodevelopmental disorders and concurrent mental health issues.\" \/>\n<meta name=\"robots\" content=\"index, follow, max-snippet:-1, max-image-preview:large, max-video-preview:-1\" \/>\n<link rel=\"canonical\" href=\"https:\/\/cliniquespectrum.com\/about\/\" \/>\n<meta property=\"og:locale\" content=\"fr_FR\" \/>\n<meta property=\"og:type\" content=\"article\" \/>\n<meta property=\"og:title\" content=\"About | Clinique Spectrum\" \/>\n<meta property=\"og:description\" content=\"Integrated neurodevelopmental consultation services for children, adolescents and adults with autism, intellectual disability, neurodevelopmental disorders and concurrent mental health issues.\" \/>\n<meta property=\"og:url\" content=\"https:\/\/cliniquespectrum.com\/about\/\" \/>\n<meta property=\"og:site_name\" content=\"Clinique Spectrum\" \/>\n<meta property=\"article:publisher\" content=\"https:\/\/www.facebook.com\/CliniqueSpectrum\/\" \/>\n<meta property=\"article:modified_time\" content=\"2023-02-28T16:40:46+00:00\" \/>\n<meta property=\"og:image\" content=\"https:\/\/cliniquespectrum.com\/wp-content\/uploads\/2020\/08\/l_clinique_spectrum_bil_RGB.jpg\" \/>\n\t<meta property=\"og:image:width\" content=\"504\" \/>\n\t<meta property=\"og:image:height\" content=\"216\" \/>\n\t<meta property=\"og:image:type\" content=\"image\/jpeg\" \/>\n<meta name=\"twitter:card\" content=\"summary_large_image\" \/>\n<meta name=\"twitter:label1\" content=\"Dur\u00e9e de lecture estim\u00e9e\" \/>\n\t<meta name=\"twitter:data1\" content=\"2 minutes\" \/>\n<script type=\"application\/ld+json\" class=\"yoast-schema-graph\">{\"@context\":\"https:\\\/\\\/schema.org\",\"@graph\":[{\"@type\":\"WebPage\",\"@id\":\"https:\\\/\\\/cliniquespectrum.com\\\/about\\\/\",\"url\":\"https:\\\/\\\/cliniquespectrum.com\\\/about\\\/\",\"name\":\"About | Clinique Spectrum\",\"isPartOf\":{\"@id\":\"https:\\\/\\\/cliniquespectrum.com\\\/#website\"},\"datePublished\":\"2017-07-07T16:25:40+00:00\",\"dateModified\":\"2023-02-28T16:40:46+00:00\",\"description\":\"Integrated neurodevelopmental consultation services for children, adolescents and adults with autism, intellectual disability, neurodevelopmental disorders and concurrent mental health issues.\",\"breadcrumb\":{\"@id\":\"https:\\\/\\\/cliniquespectrum.com\\\/about\\\/#breadcrumb\"},\"inLanguage\":\"fr-FR\",\"potentialAction\":[{\"@type\":\"ReadAction\",\"target\":[\"https:\\\/\\\/cliniquespectrum.com\\\/about\\\/\"]}]},{\"@type\":\"BreadcrumbList\",\"@id\":\"https:\\\/\\\/cliniquespectrum.com\\\/about\\\/#breadcrumb\",\"itemListElement\":[{\"@type\":\"ListItem\",\"position\":1,\"name\":\"Home\",\"item\":\"https:\\\/\\\/cliniquespectrum.com\\\/fr\\\/\"},{\"@type\":\"ListItem\",\"position\":2,\"name\":\"\u00c0 propos\"}]},{\"@type\":\"WebSite\",\"@id\":\"https:\\\/\\\/cliniquespectrum.com\\\/#website\",\"url\":\"https:\\\/\\\/cliniquespectrum.com\\\/\",\"name\":\"Clinique Spectrum\",\"description\":\"dev site\",\"publisher\":{\"@id\":\"https:\\\/\\\/cliniquespectrum.com\\\/#organization\"},\"potentialAction\":[{\"@type\":\"SearchAction\",\"target\":{\"@type\":\"EntryPoint\",\"urlTemplate\":\"https:\\\/\\\/cliniquespectrum.com\\\/?s={search_term_string}\"},\"query-input\":{\"@type\":\"PropertyValueSpecification\",\"valueRequired\":true,\"valueName\":\"search_term_string\"}}],\"inLanguage\":\"fr-FR\"},{\"@type\":\"Organization\",\"@id\":\"https:\\\/\\\/cliniquespectrum.com\\\/#organization\",\"name\":\"Clinique Spectrum\",\"url\":\"https:\\\/\\\/cliniquespectrum.com\\\/\",\"logo\":{\"@type\":\"ImageObject\",\"inLanguage\":\"fr-FR\",\"@id\":\"https:\\\/\\\/cliniquespectrum.com\\\/#\\\/schema\\\/logo\\\/image\\\/\",\"url\":\"https:\\\/\\\/i2.wp.com\\\/cliniquespectrum.com\\\/wp-content\\\/uploads\\\/2018\\\/12\\\/clinique-spectrum-logo-1.jpg?fit=412%2C93&ssl=1\",\"contentUrl\":\"https:\\\/\\\/i2.wp.com\\\/cliniquespectrum.com\\\/wp-content\\\/uploads\\\/2018\\\/12\\\/clinique-spectrum-logo-1.jpg?fit=412%2C93&ssl=1\",\"width\":412,\"height\":93,\"caption\":\"Clinique Spectrum\"},\"image\":{\"@id\":\"https:\\\/\\\/cliniquespectrum.com\\\/#\\\/schema\\\/logo\\\/image\\\/\"},\"sameAs\":[\"https:\\\/\\\/www.facebook.com\\\/CliniqueSpectrum\\\/\"]}]}<\/script>\n<!-- \/ Yoast SEO plugin. -->","yoast_head_json":{"title":"About | Clinique Spectrum","description":"Integrated neurodevelopmental consultation services for children, adolescents and adults with autism, intellectual disability, neurodevelopmental disorders and concurrent mental health issues.","robots":{"index":"index","follow":"follow","max-snippet":"max-snippet:-1","max-image-preview":"max-image-preview:large","max-video-preview":"max-video-preview:-1"},"canonical":"https:\/\/cliniquespectrum.com\/about\/","og_locale":"fr_FR","og_type":"article","og_title":"About | Clinique Spectrum","og_description":"Integrated neurodevelopmental consultation services for children, adolescents and adults with autism, intellectual disability, neurodevelopmental disorders and concurrent mental health issues.","og_url":"https:\/\/cliniquespectrum.com\/about\/","og_site_name":"Clinique Spectrum","article_publisher":"https:\/\/www.facebook.com\/CliniqueSpectrum\/","article_modified_time":"2023-02-28T16:40:46+00:00","og_image":[{"width":504,"height":216,"url":"https:\/\/cliniquespectrum.com\/wp-content\/uploads\/2020\/08\/l_clinique_spectrum_bil_RGB.jpg","type":"image\/jpeg"}],"twitter_card":"summary_large_image","twitter_misc":{"Dur\u00e9e de lecture estim\u00e9e":"2 minutes"},"schema":{"@context":"https:\/\/schema.org","@graph":[{"@type":"WebPage","@id":"https:\/\/cliniquespectrum.com\/about\/","url":"https:\/\/cliniquespectrum.com\/about\/","name":"About | Clinique Spectrum","isPartOf":{"@id":"https:\/\/cliniquespectrum.com\/#website"},"datePublished":"2017-07-07T16:25:40+00:00","dateModified":"2023-02-28T16:40:46+00:00","description":"Integrated neurodevelopmental consultation services for children, adolescents and adults with autism, intellectual disability, neurodevelopmental disorders and concurrent mental health issues.","breadcrumb":{"@id":"https:\/\/cliniquespectrum.com\/about\/#breadcrumb"},"inLanguage":"fr-FR","potentialAction":[{"@type":"ReadAction","target":["https:\/\/cliniquespectrum.com\/about\/"]}]},{"@type":"BreadcrumbList","@id":"https:\/\/cliniquespectrum.com\/about\/#breadcrumb","itemListElement":[{"@type":"ListItem","position":1,"name":"Home","item":"https:\/\/cliniquespectrum.com\/fr\/"},{"@type":"ListItem","position":2,"name":"\u00c0 propos"}]},{"@type":"WebSite","@id":"https:\/\/cliniquespectrum.com\/#website","url":"https:\/\/cliniquespectrum.com\/","name":"Clinique Spectrum","description":"dev site","publisher":{"@id":"https:\/\/cliniquespectrum.com\/#organization"},"potentialAction":[{"@type":"SearchAction","target":{"@type":"EntryPoint","urlTemplate":"https:\/\/cliniquespectrum.com\/?s={search_term_string}"},"query-input":{"@type":"PropertyValueSpecification","valueRequired":true,"valueName":"search_term_string"}}],"inLanguage":"fr-FR"},{"@type":"Organization","@id":"https:\/\/cliniquespectrum.com\/#organization","name":"Clinique Spectrum","url":"https:\/\/cliniquespectrum.com\/","logo":{"@type":"ImageObject","inLanguage":"fr-FR","@id":"https:\/\/cliniquespectrum.com\/#\/schema\/logo\/image\/","url":"https:\/\/i2.wp.com\/cliniquespectrum.com\/wp-content\/uploads\/2018\/12\/clinique-spectrum-logo-1.jpg?fit=412%2C93&ssl=1","contentUrl":"https:\/\/i2.wp.com\/cliniquespectrum.com\/wp-content\/uploads\/2018\/12\/clinique-spectrum-logo-1.jpg?fit=412%2C93&ssl=1","width":412,"height":93,"caption":"Clinique Spectrum"},"image":{"@id":"https:\/\/cliniquespectrum.com\/#\/schema\/logo\/image\/"},"sameAs":["https:\/\/www.facebook.com\/CliniqueSpectrum\/"]}]}},"_links":{"self":[{"href":"https:\/\/cliniquespectrum.com\/fr\/wp-json\/wp\/v2\/pages\/1883","targetHints":{"allow":["GET"]}}],"collection":[{"href":"https:\/\/cliniquespectrum.com\/fr\/wp-json\/wp\/v2\/pages"}],"about":[{"href":"https:\/\/cliniquespectrum.com\/fr\/wp-json\/wp\/v2\/types\/page"}],"author":[{"embeddable":true,"href":"https:\/\/cliniquespectrum.com\/fr\/wp-json\/wp\/v2\/users\/1"}],"replies":[{"embeddable":true,"href":"https:\/\/cliniquespectrum.com\/fr\/wp-json\/wp\/v2\/comments?post=1883"}],"version-history":[{"count":3,"href":"https:\/\/cliniquespectrum.com\/fr\/wp-json\/wp\/v2\/pages\/1883\/revisions"}],"predecessor-version":[{"id":5850,"href":"https:\/\/cliniquespectrum.com\/fr\/wp-json\/wp\/v2\/pages\/1883\/revisions\/5850"}],"wp:attachment":[{"href":"https:\/\/cliniquespectrum.com\/fr\/wp-json\/wp\/v2\/media?parent=1883"}],"curies":[{"name":"wp","href":"https:\/\/api.w.org\/{rel}","templated":true}]}}

À propos

<p>[et_pb_section fb_built= »1&Prime; _builder_version= »4.16&Prime; global_colors_info= »{} »][et_pb_row _builder_version= »4.16&Prime; background_size= »initial » background_position= »top_left » background_repeat= »repeat » global_colors_info= »{} »][et_pb_column type= »4_4&Prime; _builder_version= »4.16&Prime; custom_padding= »||| » global_colors_info= »{} » custom_padding__hover= »||| »][et_pb_text _builder_version= »4.19.5&Prime; hover_enabled= »0&Prime; border_style= »solid » global_colors_info= »{} » sticky_enabled= »0&Prime;]</p>
<h1>À propos</h1>
<p>Clinique Spectrum offre des soins interdisciplinaires, fondés sur des données probantes, aux familles et aux enfants, adolescents et adultes atteints d&rsquo;autisme, de déficience intellectuelle, d&rsquo;autres troubles neurodéveloppementaux et de problèmes de santé mentale concomitants.</p>
<p>Notre équipe fournit des soins dans un environnement naturel, notamment à la maison, à l&rsquo;école, au travail et dans les garderies.</p>
<p>Nous offrons également des formations et des consultations aux garderies, aux enseignants, aux camps, aux services gouvernementaux et publics sur la façon d&rsquo;optimiser les soins à ces populations vulnérables.</p>
<p>&nbsp;</p>
<p>[/et_pb_text][/et_pb_column][/et_pb_row][et_pb_row _builder_version= »4.16&Prime; background_size= »initial » background_position= »top_left » background_repeat= »repeat » global_colors_info= »{} »][et_pb_column type= »4_4&Prime; _builder_version= »4.16&Prime; custom_padding= »||| » global_colors_info= »{} » custom_padding__hover= »||| »][et_pb_text _builder_version= »4.19.5&Prime; hover_enabled= »0&Prime; border_style= »solid » global_colors_info= »{} » sticky_enabled= »0&Prime;]</p>
<h2>Notre mission, notre vision et nos valeurs</h2>
<p>La mission de Clinique Spectrum est de fournir des services cliniques, de diagnostic et d&rsquo;évaluation directs et indirects, ainsi qu&rsquo;une expertise et un soutien aux enfants, aux adolescents et aux adultes atteints de troubles du spectre autistique et d&rsquo;autres déficiences neurodéveloppementales.</p>
<p>Nous reconnaissons que, pour aider à faire face à ces problèmes tout au long de la vie, nous devons nous concentrer sur un travail d&rsquo;équipe intégré basé sur la croyance qu&rsquo;un service efficace, efficient et intégré mènera aux meilleurs résultats ;</p>
<p>Clinique Spectrum s&rsquo;engage à :</p>
<ul>
<li>le développement, la prestation et l&rsquo;évaluation du meilleur modèle de soins pour les individus et les familles.</li>
<li>trouver des moyens de fournir ce service, quelle que soit la capacité de paiement.</li>
<li>développer un modèle efficace de services intégrés afin de fournir la preuve d&rsquo;une manière complète et efficace de répondre aux besoins de notre clientèle.</li>
</ul>
<p>[/et_pb_text][/et_pb_column][/et_pb_row][/et_pb_section]</p>

<p>À propos Clinique Spectrum offre des soins interdisciplinaires, fondés sur des données probantes, aux familles et aux enfants, adolescents et adultes atteints d&rsquo;autisme, de déficience intellectuelle, d&rsquo;autres troubles neurodéveloppementaux et de problèmes de santé mentale concomitants. Notre équipe fournit des soins dans un environnement naturel, notamment à la maison, à l&rsquo;école, au travail et dans [&hellip;]</p>

<!-- This site is optimized with the Yoast SEO plugin v27.3 - https://yoast.com/product/yoast-seo-wordpress/ -->
<title>About | Clinique Spectrum</title>
<meta name="description" content="Integrated neurodevelopmental consultation services for children, adolescents and adults with autism, intellectual disability, neurodevelopmental disorders and concurrent mental health issues." />
<meta name="robots" content="index, follow, max-snippet:-1, max-image-preview:large, max-video-preview:-1" />
<link rel="canonical" href="https://cliniquespectrum.com/about/" />
<meta property="og:locale" content="fr_FR" />
<meta property="og:type" content="article" />
<meta property="og:title" content="About | Clinique Spectrum" />
<meta property="og:description" content="Integrated neurodevelopmental consultation services for children, adolescents and adults with autism, intellectual disability, neurodevelopmental disorders and concurrent mental health issues." />
<meta property="og:url" content="https://cliniquespectrum.com/about/" />
<meta property="og:site_name" content="Clinique Spectrum" />
<meta property="article:publisher" content="https://www.facebook.com/CliniqueSpectrum/" />
<meta property="article:modified_time" content="2023-02-28T16:40:46+00:00" />
<meta property="og:image" content="https://cliniquespectrum.com/wp-content/uploads/2020/08/l_clinique_spectrum_bil_RGB.jpg" />
	<meta property="og:image:width" content="504" />
	<meta property="og:image:height" content="216" />
	<meta property="og:image:type" content="image/jpeg" />
<meta name="twitter:card" content="summary_large_image" />
<meta name="twitter:label1" content="Durée de lecture estimée" />
	<meta name="twitter:data1" content="2 minutes" />
<script type="application/ld+json" class="yoast-schema-graph">{"@context":"https:\/\/schema.org","@graph":[{"@type":"WebPage","@id":"https:\/\/cliniquespectrum.com\/about\/","url":"https:\/\/cliniquespectrum.com\/about\/","name":"About | Clinique Spectrum","isPartOf":{"@id":"https:\/\/cliniquespectrum.com\/#website"},"datePublished":"2017-07-07T16:25:40+00:00","dateModified":"2023-02-28T16:40:46+00:00","description":"Integrated neurodevelopmental consultation services for children, adolescents and adults with autism, intellectual disability, neurodevelopmental disorders and concurrent mental health issues.","breadcrumb":{"@id":"https:\/\/cliniquespectrum.com\/about\/#breadcrumb"},"inLanguage":"fr-FR","potentialAction":[{"@type":"ReadAction","target":["https:\/\/cliniquespectrum.com\/about\/"]}]},{"@type":"BreadcrumbList","@id":"https:\/\/cliniquespectrum.com\/about\/#breadcrumb","itemListElement":[{"@type":"ListItem","position":1,"name":"Home","item":"https:\/\/cliniquespectrum.com\/fr\/"},{"@type":"ListItem","position":2,"name":"À propos"}]},{"@type":"WebSite","@id":"https:\/\/cliniquespectrum.com\/#website","url":"https:\/\/cliniquespectrum.com\/","name":"Clinique Spectrum","description":"dev site","publisher":{"@id":"https:\/\/cliniquespectrum.com\/#organization"},"potentialAction":[{"@type":"SearchAction","target":{"@type":"EntryPoint","urlTemplate":"https:\/\/cliniquespectrum.com\/?s={search_term_string}"},"query-input":{"@type":"PropertyValueSpecification","valueRequired":true,"valueName":"search_term_string"}}],"inLanguage":"fr-FR"},{"@type":"Organization","@id":"https:\/\/cliniquespectrum.com\/#organization","name":"Clinique Spectrum","url":"https:\/\/cliniquespectrum.com\/","logo":{"@type":"ImageObject","inLanguage":"fr-FR","@id":"https:\/\/cliniquespectrum.com\/#\/schema\/logo\/image\/","url":"https:\/\/i2.wp.com\/cliniquespectrum.com\/wp-content\/uploads\/2018\/12\/clinique-spectrum-logo-1.jpg?fit=412%2C93&ssl=1","contentUrl":"https:\/\/i2.wp.com\/cliniquespectrum.com\/wp-content\/uploads\/2018\/12\/clinique-spectrum-logo-1.jpg?fit=412%2C93&ssl=1","width":412,"height":93,"caption":"Clinique Spectrum"},"image":{"@id":"https:\/\/cliniquespectrum.com\/#\/schema\/logo\/image\/"},"sameAs":["https:\/\/www.facebook.com\/CliniqueSpectrum\/"]}]}</script>
<!-- / Yoast SEO plugin. -->
